s -1 + 18 + -5 + -6 - -4?
10
What is the value of -5 - (0 - (-6 - -20))?
9
What is the value of 12 - (186 + -151 + (-1 - 0))?
-22
What is 5 + -5 - ((-16 + 8 - -1) + 5)?
2
-6 - (-10 + (-7 - -2))
9
What is -8 + 3 - (-6 + (11 - 12))?
2
-6 - (-21 - (-6 + 8 + -4 + 0))
13
What is 6 + (1 - 6 - (-12 - (-3 - 4)))?
6
What is 9 - ((4 - -1) + (0 + 30 - 5))?
-21
What is 0 - -1 - (-56 - (46 - 114))?
-11
Calculate -3 - (-47 + 43 + 1 + 2 - -2).
-4
Evaluate 21 - (96 - 101 - (-1 - (9 - 2))).
18
What is the value of 3 + -13 + 5 - -28?
23
Evaluate 2 + -14 + (8 - 8) - (-3 - -8).
-17
Calculate 55 + -48 + 8 + -3.
12
What is the value of 194 + -204 + -3 + 7 + -2?
-8
Calculate -11 + (-1 - 2 - (15 - 32)).
3
Evaluate -8 - -19 - ((2 - 5) + 1 - 2).
15
What is 26 + -8 + -28 + 21?
11
What is the value of (29 - 12) + -33 - -1?
-15
What is the value of -5 - -10 - -15 - 12?
8
Calculate 30 + (8 - 31) + 23.
30
What is the value of (-2 - -34) + (92 - 115)?
9
Evaluate -7 + (13 - (-6 + -12 + 19)).
5
Calculate -36 - (20 - 14 - 9) - -11.
-22
3 - 3 - 3 - (-15 - -30)
-18
What is (-23 - (-33 - 3)) + 4 + -3?
14
-13 - ((-9 + 6 - 5) + 6)
-11
Calculate 17 + -55 + (0 - -27).
-11
What is 3 - (8 - (-4 - 2)) - 6?
-17
What is -29 + 30 - (1 - -4)?
-4
What is -3 - 2 - (3 - (-8 - (-5 + -8)))?
-3
What is the value of (-18 + 10 - 4 - -12) + -1 + -17?
-18
Evaluate 85 + -109 + -4 + (4 - 2).
-26
Evaluate -10 - (181 + -182 - (41 + -2)).
30
What is the value of 4 - (13 - (9 - 0)) - 9?
-9
What is the value of 24 - (-24 - -20) - 13?
15
What is 3 + (-5 - 3) + -11 + -3 + 12?
-7
Calculate -4 - (6 + -8 - 13) - 3 - 3.
5
13 + -26 + (12 - 15) + 10
-6
What is the value of -12 + 0 - (-681 - -685)?
-16
Calculate (-3 - ((-38 - -17) + -12)) + (1 - 3).
28
Evaluate -25 + (13 - 18 - -14).
-16
What is -14 + (2 - (-5 + 10)) + 10 + 16?
9
Evaluate -786 - -783 - (2 - -1).
-6
Calculate 0 + 19 + -12 - 2.
5
Calculate -16 - (-1 + (-1 - -1 - (-93 + 91))).
-17
Evaluate -38 + 10 + -19 + 30.
-17
Calculate -17 + (12 + -18 + 6 - -13).
-4
-4 - (6 + (-11 + 17 - 15))
-1
What is -9 + 0 + 1 - -7 - 5?
-6
Calculate -22 + (-29 - (-85 + 42)).
-8
What is (-64 - -58 - (3 - 8 - 1)) + -1?
-1
What is -41 - (-40 + 29 + -15)?
-15
Evaluate 573 - 579 - (-3 - 0).
-3
What is the value of (7 + 7 - 27) + -7?
-20
7 + -13 + 5 + 0 + -7 + 6
-2
What is the value of (-33 - (27 + -17)) + (1 - -5) - -12?
-25
What is -195 + 170 + 3 + 3?
-19
Calculate (2 + 4 - (7 + -3 + -6)) + -2.
6
What is the value of (10 - 8) + -4 + (-5 - (8 - 13))?
-2
Calculate 1 - -9 - ((0 - -4) + (170 - 160)).
-4
What is the value of (11 - (9 - 11 - -16)) + 1 + 3?
1
What is the value of (2 - -20) + (261 - 307)?
-24
Evaluate 213 + -203 + (1 - 22).
-11
What is -2 + (-8 - ((-27 - -11) + 17))?
-11
-5 + -1 - (-1 + -2 + 10 - 10)
-3
Evaluate 4 + 3 + 6 + -22 + 11.
2
Evaluate (27 - (-2 + 19)) + 3.
13
What is 55 + (-85 - -43) + (-19 - 0)?
-6
What is the value of 11 - (-8 + (-1 - -11))?
9
What is the value of 8 + -13 - (-2 + -1 - -4)?
-6
What is the value of 10 + (-3 - -1 - 0) + -4?
4
Evaluate ((9 - -6) + -16 - 12) + 29.
16
Evaluate 8 + 6 + (-1 - (4 - 7) - 4).
12
13 - 4 - -1 - (-3 + 23 - -3)
-13
(2 - 3) + (-2 - (7 - 9))
-1
Evaluate -9 - (-18 - -7) - (0 - 8).
10
Calculate (8 + -24 - (-22 - -12)) + -25.
-31
-5 - ((1 - 8) + 21)
-19
What is the value of (1 - 11) + 5 + (16 - -3 - -6)?
20
What is -1 + -6 + 0 - (18 + 3 + -3)?
-25
Evaluate 0 + 0 - (-422 + 425).
-3
What is (15 - -12 - 14) + 0 + -12?
1
What is (11 + -1 - 14) + 12?
8
Evaluate (-15 - (-3 - -2)) + 5 + 8.
-1
What is the value of 11 + 3 + (-22 - 3)?
-11
What is 33 + (-21 + 8 - -2)?
22
-98 + 107 - ((-3 - 1) + -4 + 32)
-15
Evaluate -3 - (2 - 4 - 25) - (219 - 217).
22
What is the value of -2 + 10 + (6 - 6) - 8?
0
(8 - 1) + -7 + (25 - 14)
11
What is the value of -18 + (-1 - (4 + -22)) + (-22 - 2)?
-25
Calculate (-148 - -138) + (2 - -5 - -6).
3
0 - ((6 - (-4 - (6 - 4))) + 1)
-13
What is -9 - (-14 - -21 - (-10 - -3))?
-23
What is 9 + -1 + -3 + 8 + 0 + -6?
7
Evaluate (16 - 36) + 2 + 33.
15
What is the value of -12 - (0 + (-9 - 3))?
0
What is the value of 47 + -34 + 1 + (0 - 8)?
6
What is 22 - (-14 - -1 - (-107 - -97))?
25
What is the value of -221 - -232 - (0 + (0 - 0)) - 1?
10
Calculate -14 - -15 - -8 - -13.
22
32 + -21 + (-7 - -2)
6
What is the value of 0 + 0 + (-9 - (-13 + 9) - 9)?
-14
What is the value of 3 + (8 - 0) + 1 + -10?
2
Evaluate 40 + -25 - (53 + -70).
32
What is 15 + (-7 - 18) + 4?
-6
Evaluate -9 - (-2 + 0) - (-6 + 2) - -12.
9
What is the value of (-14 - 13) + 46 - 36?
-17
-101 + 124 - (-10 - -51)
-18
Evaluate 1 + 9 + -4 - (-16 - -15) - 4.
3
Evaluate -6 - (-1 + 1 - (22 + 0)).
16
What is the value of -7 + 33 + (11 + -4 + -11 - -2)?
24
Evaluate 10 + 0 - (-12 + (17 - -14)).
-9
Calculate -32 + (-15 - -14) + 2 + 2 + 2.
-27
What is 1 + -4 + 12 - (-60 + 68)?
1
What is the value of (-5 + 7 - -9) + -4?
7
Evaluate -3 - -10 - (41 - 46).
12
What is the value of -13 + (-30 + 18 - -13)?
-12
Calculate -12 - -6 - (-5 + (-5 - -4 - -3)).
-3
0 + 11 + -4 + 6 + 5 + -4
14
Evaluate (1 - (10 - -29)) + (3 - -11).
-24
What is (-2 - -42) + (-580 - -543)?
3
Calculate -7 - -22 - (10 + -1 - (-27 + 30)).
9
Evaluate (-4 - -11) + 10 + -9 - -1.
9
Evaluate -2 + -1 + (21 - (0 - -30)).
-12
-2 - -1 - (-26 - -29 - -5)
-9
Calculate (-1 - 0) + (0 - -2) + -5 + -6.
-10
What is 8 + (3 - 14) + 9 - 2?
4
Evaluate -8 + -1 - (-4 - 6) - 24.
-23
What is the value of 18 - 8 - (-4 - -5 - 3)?
12
Calculate -5 + -9 - (-43 + 11 + -5).
23
Calculate -36 + 34 + -24 + 44.
18
-6 - (133 - 147) - (-1 + 0 - 6)
15
What is -9 - (-26 + (14 - (16 - 11)))?
8
What is 0 + 23 + -18 - -14?
19
Evaluate -8 - (10 - -6 - (10 + -8 + 6)).
-16
0 + -5 + (10 - 1) - (9 + -3)
-2
Evaluate (-4 - (-6 + -20)) + -6 - (4 - 12).
24
-201 + 199 + (-1 - -3)
0
What is -329 + 335 - (0 - (-8 - 2))?
-4
Evaluate -1 + (5 - 0) + (2 - 7) - -7.
6
Calculate -1 + (-5 + 3 - 2 - -3 - -2).
0
What is -1 + (3 - -6) + (10 - -2) + -14?
6
What is -4 + 29 + (214 - 210)?
29
-10 - (8 + -1 + 205 + -216)
-6
What is the value of 1 + 17 + (2 - -15 - 29)?
6
(15 - (33 + -15)) + (-3 - -21)
15
What is the value of 7 + 15 + (31 - 47)?
6
What is (307 - 343) + (-2 + 4 - 0 - -9)?
-25
Evaluate -10 - (-11 + 2 + (11 - 5)).
-7
9 + (7 - 23 - -10)
3
What is the value of -22 + 0 + (-66 - -74)?
-14
27 + 2 + -15 + -16
-2
Evaluate -38 + 24 - -4 - (-33 + 2).
21
Evaluate 2 + -6 - (-2 - (-11 + (13 - 6))).
-6
(5 - -1) + (-5 + 4 - -5) + -11
-1
Calculate 8 - (13 - (4 + 0 - (-3 - -10))).
-8
What is (-64 + 75 - (-1 - -20)) + 33?
25
What is the value of 21 + 12 + (9 + -3 - 10) + 1?
30
Calculate -59 + 53 - (-3 + 2 + -3).
-2
What is -13 - (1 - 3) - (2260 + -2277)?
6
Calculate (2 + (-3 - 6) - -3) + -5.
-9
What is -1 + 15 + (0 - -7) + (-30 - -25)?
16
What is the value of -2 + -1 + (-12 - 11) + 14 + 20?
8
Evaluate (3 - -2) + 75 + -65.
15
What is 0 - (-9 + (7 - (1 - (-6 + 2))))?
7
Calculate (4 - 0) + (-7 - 3 - -8 - -7).
9
What is the value of -21 - (16 + -17 - 5)?
-15
What is 0 + (-9 - 11) + 9?
-11
What is -6 - -37 - (9 + 10)?
12
(5 - -4 - 14) + 16
11
What is the value of -10 + (7 + 5 - (13 - 9))?
-2
Calculate -12 + 4 + (-38 - -43).
-3
Calculate 5 - (-3 - 10) - 13.
5
(6 - 18) + 3 + (14 + -30 - -29)
4
What is the value of 15 - ((-12 - -11) + 8)?
8
Calculate 14 - (-16 + (3 - 1) + 33).
-5
Calculate 4 + 12 + -11 + (-16 - (3 - 3)).
-11
What is -26 + 8 - (4 - (-2 + -7 + 13))?
-18
What is the value of -22 + 6 - 23 - -10?
-29
What is -12 + 10 + -1 + -2 + 5 - 4?
-4
Evaluate 2 + -8 - (-3 - 8).
5
What is the value of (-4 - (-3 + (-1 - -14))) + 5 + -1?
-10
1 + -1 - 4 - ((9 - 45) + 23)
9
What is 30 - (8 + (18 - 18))?
22
What is the value of -9 + 8 + 4 + -6 + -3?
-6
Calculate 14 - ((1 - 6) + 2 - (-138 - -142)).
21
What is the value of (1 - 23) + (-3 - -3)?
-22
-78 + 79 + 0 + 9
10
Calculate -14 + (-15 - -15) - -14.
0
(-3 - 3) + 0 + 11 + 0 + 6
11
Calculate -18 - (-12 + (-7 - -17) + -12).
-4
2 - ((11 - 2) + -15 + 2 + 8)
-2
-19 + -1 + (118 - 117)
-19
Calculate 13 + -1 + -1 + -5 + 7 + 3.
16
Calculate 0 - 10 - (-1 + -1) - (349 + -360).
3
Calculate 3 + -1 + (-25 + 14 - -5).
-4
What is (-8 - 2) + (1 - -1 - (11 - 49))?
30
What is the value of 18 + (12 + -24 - -11)?
17
What is the value of 7 + (-5 - 7) + (2 - 17)?
-20
-18 - (-4 + 1) - (-3 + -3)
-9
Calculate -8 + 6 - (-2 + -3 + -4).
7
Calculate (-23 - -42) + -17 - (9 